 + 622. Calculate the remainder when 188 is divided by d.
60
Suppose 8089 = -4*z + 8205. What is the remainder when 111 is divided by z?
24
Let m(o) = o**2 - 17*o + 22. Let g be m(17). Let a = 45 - g. Calculate the remainder when a is divided by 6.
5
Let x = -2 + 0. Let m be 1/((-1)/((-10)/x)). Calculate the remainder when 9 is divided by (4 + m + 0)*-5.
4
Let x be 12*(-5)/(-10)*3. Suppose 4*t = c + x, -3*t - c - 7 + 17 = 0. Calculate the remainder when t is divided by (-8)/(-6) - (-2)/3.
0
Suppose 15 = -z + 231. Calculate the remainder when 12/84 - z/(-7) is divided by 17.
14
What is the remainder when 235 is divided by 114 + 10/(100/90)?
112
Suppose -2*v - 398 = -1256. Calculate the remainder when v is divided by 16.
13
Let y = 29 + -48. Let l = y - -8. Let d = -8 - l. What is the remainder when 7 is divided by d?
1
Calculate the remainder when 988/91 - (-3)/21 is divided by 7.
4
Suppose -3*t = -5*a + 24, -2*t + 2*a = -0*a + 12. Calculate the remainder when 26 - -2*6/4 is divided by (t - 0)*(-15)/3.
14
Let p(i) = -i**2 + i + 19. Let g be p(0). Suppose 0 = -g*l + 18*l + 66. Suppose -2*m = m - l. What is the remainder when m is divided by 12?
10
Let w(y) = y - 3. Calculate the remainder when w(16) is divided by 5.
3
Suppose 0 = 2*g + g, l - 8 = -5*g. Calculate the remainder when (-1)/(-2 + (-114)/(-58)) is divided by l.
5
Suppose -i + 5*i = 480. Suppose 3*u - i = 39. What is the remainder when u is divided by 18?
17
Let w(r) = r**3 + 11*r**2 + r - 1. Let l be w(-11). Let q be (-26 - l)*(-2)/(-2). Let n = -10 - q. What is the remainder when n is divided by 2?
0
Let s be (-22)/(-2 + 2 - 1). Suppose -93 = -5*j + s. Let w = 30 - j. What is the remainder when 19 is divided by w?
5
Suppose -5*c = -6*c + 2*j + 48, 250 = 5*c - 5*j. What is the remainder when 155 is divided by c?
51
Suppose -2*z + 4*z = -4*f + 4, -58 = -5*z + 2*f. Suppose -z*r - 620 = -14*r. What is the remainder when r is divided by 39?
38
Let r = 12 - 57. Let i = -4 - -22. What is the remainder when 8 is divided by (r/i)/(5/(-4))?
0
Let d(n) = n**3 + 31*n**2 + 24*n - 58. What is the remainder when d(-30) is divided by 19?
8
Let a(z) = -z**3 + 5*z**2 - 9*z + 2. Let j be a(8). Let p = 383 + j. Calculate the remainder when p is divided by 41.
39
Let o(h) = -21*h + 4. Let c(r) = 42*r - 8. Let k(z) = 3*c(z) + 5*o(z). Suppose 0 = 8*y - y - 217. Calculate the remainder when k(6) is divided by y.
29
Suppose -4*v + 5*v = -5*c + 28, -3*c = 3*v - 96. Suppose 4*a = a - s + 40, 5*a + 2*s = 68. What is the remainder when v is divided by a?
9
Let c(j) = -j**3 - 30*j**2 + 25*j - 148. What is the remainder when c(-31) is divided by 33?
5
Let p = -1 - -11. Suppose 36 = -6*o + p*o. What is the remainder when 15 is divided by o?
6
Let p(m) = -17*m + 3 - 2*m - 2 + 5*m. Suppose -2 + 13 = i. What is the remainder when p(-3) is divided by i?
10
Let v = 71 + -74. What is the remainder when 12/3 + -3 - v - -24 is divided by 20?
8
Suppose 4*m - c - 264 = -0*m, -5*m = 5*c - 330. What is the remainder when 1253 is divided by m?
65
Suppose -4*q + 11 = -9. Calculate the remainder when 26 is divided by 48/20*5 - (q + -1).
2
Suppose 217*h = 242*h - 1975. What is the remainder when 1263 is divided by h?
78
Let l be 4/22 - 21439/121. Calculate the remainder when (2/3)/((-2)/l) is divided by 12.
11
Let t(z) = 4*z**3 + 3*z**2 + 10*z - 22. What is the remainder when t(2) is divided by 15?
12
Let n(d) = -5*d**2 + 64*d + 6. Let o be n(14). Suppose -u = 2*z + z - 418, 419 = 3*z + 2*u. Let k = z + o. What is the remainder when k is divided by 16?
13
Let w = 725 - 680. Calculate the remainder when 672 is divided by w.
42
Let c = -47 - -161. Suppose -3*d + d + 3*k + c = 0, 5*d - 310 = -5*k. What is the remainder when d is divided by 16?
12
Suppose 3*k + 7 = 34. What is the remainder when 85 is divided by (-6)/k - 272/(-12)?
19
Let u be 8 - 7/(28/(-8)). Suppose 9*h - 14*h = -u. Suppose -h*m + 15 = m. What is the remainder when 7 is divided by m?
2
Let d(n) = 3*n - 3. Let k be d(5). Let u(c) = c + 6. Suppose 0 = 35*p - 39*p + 28. Calculate the remainder when u(k) is divided by p.
4
Let j be 12/8*2 - 1. Suppose 0 = -2*y + j + 4. Suppose w + 4*x = -8, 28 = y*w - 0*w - x. What is the remainder when 21 is divided by w?
5
Let g = -46 - -50. Suppose 120 = 10*r - g*r. Calculate the remainder when 77 is divided by r.
17
Let w(z) = -2*z + 7. Let p be w(-11). Let d be (1/(-4) - 1)*-4. Suppose 3*t + 135 = d*q, p = q - 0*t - t. Calculate the remainder when q is divided by 14.
10
Let b(z) = z**2 + 5*z - 11. Let q be (-6)/27 - (-8)/36. Suppose -s + 0*s - 8 = q. Calculate the remainder when 24 is divided by b(s).
11
Let n = -37 - -35. Let d = 10 - n. What is the remainder when 35 is divided by d?
11
Suppose -36*x + 641 = -475. What is the remainder when 91 is divided by x?
29
Let x(h) = h + 11. Suppose -55*a + 12 = -51*a. Suppose 2*s + 0 = -a*d + 55, 75 = 5*d - 5*s. Calculate the remainder when d is divided by x(0).
6
Suppose 0 = y - 3*y - 48. Let s = -12 - y. Suppose 4*z - 145 = 39. Calculate the remainder when z is divided by s.
10
Let t(b) = -5*b**3 - 4*b**2 - 7*b - 20. Calculate the remainder when t(-3) is divided by 26.
22
Let g = 11 + -17. Let d(y) = -y - 2. Let x(r) = 21*r + 33. Let o(i) = -18*d(i) - x(i). What is the remainder when 41 is divided by o(g)?
20
Suppose 4*c = 2*h, -12 = 2*c + 7*h - 2*h. Calculate the remainder when 20 is divided by c/2*-30 + -2.
7
Let m(x) = x + 19. Suppose 0*i = -2*i + 20. Let j = 97 + i. What is the remainder when j is divided by m(8)?
26
Let l(j) = -j**3 + 6*j**2 + 9*j + 5. Let b(s) = 2*s - 1. Let z be -1 + (9 - 2) + -2. Let f be b(z). What is the remainder when 37 is divided by l(f)?
18
What is the remainder when (-62 - -32)/(2*1/(-11)) is divided by 30?
15
Let q(y) = 27*y + 4. Let w be q(-3). Let a = w + 155. Suppose 2*m - 30 - 2 = 0. Calculate the remainder when a is divided by m.
14
Let b = -76 - -77. Let n(k) = 9*k**3 + 2*k**2 - 2*k. What is the remainder when 132 is divided by n(b)?
6
Let r = -8 - -9. Calculate the remainder when (-9)/(-12) - (-3)/(-12)*-1 is divided by r.
0
Suppose -3*k + a = -62 - 33, -2*a - 126 = -4*k. Let b(u) = u**2 + 4*u - 1. Calculate the remainder when k is divided by b(-6).
10
What is the remainder when 606/8 + 3/12 is divided by (-204)/(-18) + (3 - (-20)/(-6))?
10
Calculate the remainder when (1807/(-26))/((-4)/8) is divided by 5.
4
Suppose -4*m - 1272 = -2664. What is the remainder when m is divided by 20?
8
Suppose -8*g = -4*g - 8. Calculate the remainder when -3 + 12/g + 2 is divided by 2.
1
Let q(y) = 4*y**2 + 116*y + 77. Calculate the remainder when q(-40) is divided by 46.
43
Suppose -7 = l + 5*m, -5*m - 81 = -2*l - 35. Calculate the remainder when l is divided by 6.
1
What is the remainder when 74 is divided by 9282/289 + 2/(-17)?
10
Suppose 38*o = 23*o + 4110. What is the remainder when o is divided by 15?
4
Suppose -76 = -11*y + 210. Suppose -3*x = 2*d - 122, d + y = 3*x - 102. What is the remainder when 166 is divided by x?
40
Let b(m) be the first derivative of m**4/4 + 2*m**3 - 3*m**2 + 8*m - 34. Calculate the remainder when 171 is divided by b(-6).
39
Let s(x) be the second derivative of x**4/12 + x**3 - 12*x**2 - 7*x. Calculate the remainder when s(-11) is divided by 8.
7
Suppose 4*p - 7 = 7*w - 2*w, 3*p - 7 = 2*w. Calculate the remainder when (5 - w)*4/4*1 is divided by 3.
1
Suppose -2*w = -2*a - 66 + 238, 0 = 2*w + 4*a + 190. Let t = 168 + w. Calculate the remainder when t is divided by 41.
38
Suppose -3 = -p - 0*p. Let s = 43 - 38. Suppose -4*u = -l - 9, -4 - 11 = -s*l. What is the remainder when p is divided by u?
0
Let f(i) = -i - 9. Let p be f(-11). Suppose -d = -p*k + 5, 4*k + k + 5 = -d. Suppose k = -s + 8 + 35. Calculate the remainder when s is divided by 15.
13
Let b(f) = -3*f - 17. Let d be b(-12). Suppose -3*o + 5*u = -40 - 37, -o = -3*u - d. Calculate the remainder when 101 is divided by o.
33
Suppose 8*w + 6 = 5*w. Calculate the remainder when (w - -90)/2 + 0 is divided by 15.
14
Let n(a) = 2*a + 6*a**2 + 0*a + 12*a - 4*a - 4*a**3 + 3*a**3 - 2. Suppose 3*m = -2*m + 35. What is the remainder when 36 is divided by n(m)?
17
Let s = -2100 + 2122. Calculate the remainder when 215 is divided by s.
17
Let l = -45 + 53. What is the remainder when 